4). Calculate the remainder when 15 is divided by y - (9/m - -5).
3
Let q be 10/3*(-6)/(-5). Suppose 2*h = -4*j + 78, -2*j + q*h = -18 - 16. Suppose 10*r - 110 = 8*r. What is the remainder when r is divided by j?
17
Let s(l) = -4*l - 38. Suppose 4*g - y = 33, 3 = -y + 6. What is the remainder when g is divided by s(-11)?
3
Let v be (3/(-15)*2)/(1/(-220)). Let u = 107 - v. Calculate the remainder when 188 is divided by u.
17
Suppose -76*w + 68*w = -400. Calculate the remainder when w is divided by 22.
6
Suppose -7*r + 882 + 1603 = 0. What is the remainder when r is divided by 51?
49
Let x(d) = -5*d - 1. Let f be (2/((-4)/14))/1. Suppose -32 = -j + 5*a, 7*j - 28 = 4*j - 2*a. Calculate the remainder when x(f) is divided by j.
10
Let l = -6 + 9. Suppose p - l*r = 86, -3*r + 315 = 5*p - 25. What is the remainder when p is divided by 24?
23
Suppose -24*q = -5*q - 532. Let x be (-68)/(-6)*(-12)/4. Calculate the remainder when q is divided by (-4)/(-12) + x/(-6).
4
Let a be (-6)/3 - (-5 + 1). Let b = a - -6. What is the remainder when 23 is divided by b?
7
Let a = -5 + 243. Calculate the remainder when a is divided by 15.
13
Let w = 56 + -54. Suppose 0 = c, 2*c + 4 = w*h - 2*c. What is the remainder when h is divided by 2?
0
Suppose 68 = 6*h - 2*h. Suppose -4*j - 4*f + 9*f = -265, 264 = 4*j - 4*f. What is the remainder when j is divided by h?
14
Suppose 10*g - 8 = 22. Calculate the remainder when 1/g - ((-124)/6 - 2) is divided by 7.
2
Suppose 100 + 98 = 3*t + 2*a, -t + 4*a = -52. What is the remainder when 1533 is divided by t?
61
Suppose -5*l - 3*c = 3, 0 = -5*l + c + 1. Let g = 8 - l. Suppose 3*x - 10 - g = 0. Calculate the remainder when 22 is divided by x.
4
Let p = -272 - -314. Let q(t) = -3*t - 2. Let k be q(-8). Let a = p - k. What is the remainder when 39 is divided by a?
19
Calculate the remainder when 119 is divided by 3 + 10*(-21)/(-35).
2
Suppose -27*l + 3181 = 157. Calculate the remainder when l is divided by 34.
10
Let k = -41 - -39. What is the remainder when -1 + (k - -2) - -5*4 is divided by 11?
8
Suppose 927 = -5*p + 1637. What is the remainder when p is divided by 25?
17
Let b = 5 + -2. Suppose 2*o - 18 = 3*l + l, 0 = -5*o + b*l + 38. Let c = o + 0. What is the remainder when 24 is divided by c?
3
Let g = -2609 - -2654. Calculate the remainder when 573 is divided by g.
33
Let s be (308/(-42))/((-4)/6). Suppose 10*v = s*v - 13. What is the remainder when v is divided by 7?
6
Let j be ((-3)/6)/(1/(-84)). Suppose 4*w - w = j. What is the remainder when 37 is divided by w?
9
Let x = 4 - 9. Let z = x + 9. What is the remainder when 41 is divided by z?
1
Suppose -15 + 6 = z - 5*f, -4*z + 3*f + 32 = 0. What is the remainder when 505 is divided by z?
10
Let h(k) = -k**2 + 10*k - 11. Let j be h(8). Suppose -j*y + 45 + 50 = 0. What is the remainder when -73*3*(-2)/6 is divided by y?
16
Suppose 20*c = 16*c + 8. Suppose -60 = -3*u - c*u. What is the remainder when 19 is divided by u?
7
Suppose 0 = -2*v - 2*j + 46, -3*v = -3*j - 14 - 85. Suppose 4*d + 6 - 30 = 0. What is the remainder when v is divided by d?
4
Suppose 585 = 74*n - 821. Calculate the remainder when 159 is divided by n.
7
Suppose -y + 4*h = -0*y + 1, 38 = 4*y - 2*h. What is the remainder when y is divided by (-10 - -2)/(6/(-3))?
3
Let i(a) = -3*a**3 - a**2 + 5*a + 6. What is the remainder when 30 is divided by i(-2)?
14
Suppose 0 = 6*f + 4*f - 3190. Calculate the remainder when f is divided by 64.
63
Let p = -554 - -561. Calculate the remainder when 22 is divided by p.
1
Suppose -130 = -5*n + 5*m, 4*n - m = -1 + 90. Let g(z) = -z**2 - 7*z + 6. Calculate the remainder when n is divided by g(-6).
9
Let d(y) = y**2 + 7*y + 7. Calculate the remainder when 100 is divided by d(-11).
49
Suppose -10*y = -982 - 2718. What is the remainder when y is divided by 77?
62
Let k(n) = -6*n**2 - n + 1. Let d be k(1). Let b = -12 - -82. Calculate the remainder when b is divided by d/(-12) - (-70)/4.
16
Suppose 2*d = -4*z - 6 - 0, -5*z = 4*d. Let k(q) = 9*q**3 - q + 1. Calculate the remainder when k(1) is divided by z/(-18) + (-129)/(-27).
4
Suppose -11*p + 17*p - 282 = 0. Calculate the remainder when 147 is divided by p.
6
What is the remainder when (-4)/10*(3 + -523) is divided by 30?
28
Calculate the remainder when 129 is divided by (22/77)/(((-18)/(-224))/9).
1
Let s = -179 + 233. Calculate the remainder when s is divided by 14.
12
Suppose -2*t + 0*t = 8. Let h be (56/(-21))/(t/18). Let c = -8 + h. What is the remainder when c is divided by 3?
1
Suppose -i = 2*i - 132. Suppose 733 - 917 = -8*n. Calculate the remainder when i is divided by n.
21
Let l(i) = -12*i**2 + i - 2. Let f be l(-3). Let s = f + 157. Calculate the remainder when 85 is divided by s.
41
Let c = -233 + 243. Calculate the remainder when 45 is divided by c.
5
Let p(f) = 2*f**2 - 4*f - 12. Let n be p(6). Let x = n - -1. What is the remainder when 147 is divided by x?
36
Let d(a) = a**3 - 3*a**2. Suppose -3 = -3*k + 12. Suppose 5*p - 90 = -5*o, -48 = -5*o + 4*p - 3. What is the remainder when d(k) is divided by o?
11
Suppose 23*u = 18*u - 335. Calculate the remainder when (1 - u) + (-14 - -12) is divided by 17.
15
Let c = 56 + -51. Let b = 10 - -2. What is the remainder when -5*(-1 - b/15) is divided by c?
4
Let d(a) = -8*a**3 + a**2 + 10*a + 9. Calculate the remainder when 91 is divided by d(-1).
3
Suppose 2*n - 12 - 10 = 4*w, 3*n - 5*w - 29 = 0. Suppose 0 = j - 5*j + 36. What is the remainder when j/(-6)*(-16)/6 is divided by n?
1
Suppose -4*u = -3*y - 2*y + 62, 4*u = 3*y - 34. Calculate the remainder when y is divided by 6.
2
Let h(b) = b**2 - 20*b - 4. Let q(c) = 10*c - 39. Let w be q(6). Let l(d) = 17*d - 2. Calculate the remainder when l(2) is divided by h(w).
15
Let n(c) = -c**3 + 24*c**2 - 22*c + 12. Calculate the remainder when 381 is divided by n(23).
31
Let w = -307 - -353. Calculate the remainder when 91 is divided by w.
45
Let v(n) = n**3 - 6*n**2 - n + 8. Let z be v(8). Suppose -7*h = -397 - z. Calculate the remainder when h is divided by 7.
5
Suppose 4*n + 2*g = -g + 54, 0 = -2*n - 3*g + 30. Calculate the remainder when ((-4)/(-10))/((-5)/(-275)) is divided by n.
10
Let z(q) = -40*q + 5. Let a(p) = 200*p - 26. Let k(c) = -2*a(c) - 11*z(c). What is the remainder when k(3) is divided by 17?
15
Let m(h) = 7*h**3 - 57*h**2 + 11*h - 16. Calculate the remainder when 611 is divided by m(8).
3
Let o(q) = -q**3 - 6*q**2 - 6*q. Let i(l) = -6 + 25 + 0 - l. Calculate the remainder when i(12) is divided by o(-5).
2
What is the remainder when 128 is divided by 620/14 - 9/378*12?
40
What is the remainder when 449*5*(-2)/(-10) - -3 is divided by 65?
62
Let v(j) = -7*j - 3*j - 3*j - 9 - j**2 + 2*j**2. What is the remainder when 8 is divided by v(14)?
3
Suppose -3*m + 2875 - 323 = x, 0 = m + 3*x - 840. Calculate the remainder when m is divided by 61.
59
Let z be 1*(-11 - 1)/(-3). Suppose -5 + 61 = z*i. Suppose -3*s - i + 44 = 0. Calculate the remainder when 29 is divided by s.
9
Let p = -135 + 217. What is the remainder when p is divided by 22?
16
What is the remainder when 53 is divided by 44*(35/(-5))/(-28)?
9
What is the remainder when 137 is divided by (-134)/(2*-1) + 20 + -16?
66
What is the remainder when -370*((-260)/(-50))/(-13) is divided by 16?
4
Let q = 7 + 11. What is the remainder when -52*9/42*616/(-132) is divided by q?
16
Suppose 2 - 3 = -x. Calculate the remainder when 2/7 - 687/(-21) is divided by 20 + (x + 0 - 4).
16
Let i = -8307 + 8328. What is the remainder when i is divided by 21*(-1)/(-3)*2?
7
Let m(v) = 9*v**2 + 27*v + 65. What is the remainder when m(-10) is divided by 41?
39
Suppose 5*b - b - 36 = 0. Calculate the remainder when (-5)/((-4)/(-56)*-2) is divided by b.
8
Let d(b) = 15*b**2 + 3*b + 3. Let w be d(-1). Suppose -w = 3*i, -2*i = -5*m + 2*i + 40. Calculate the remainder when 9 is divided by m.
1
Let r(j) = -j**3 + 6*j**2 + 7*j - 6. Suppose 4*b - 8 - 8 = 0. Calculate the remainder when r(b) is divided by 11.
10
Let o(q) = -q. Let m(d) = d**2 - 25*d + 21. Let s(r) = -m(r) + 6*o(r). Calculate the remainder when 36 is divided by s(17).
10
Let t(n) = n**2 - 21*n + 20. Let m be t(23). Suppose -14*c - m = -17*c. Calculate the remainder when c is divided by 0 - 1 - (-6 - 0).
2
Suppose -286 - 169 = -7*i